)?
-3
(-25 - -35) + -19 + 40
31
Calculate -3 - (-16 - (4 - 7)).
10
What is the value of (-4 - 0 - (17 - 13)) + (-9 - -11)?
-6
Calculate (47 - 14 - 17) + -37.
-21
Evaluate 18 + 0 + (-18 - -15) + -12 + 27.
30
Calculate (1 - (-2 - 3)) + -132 + 112.
-14
17 + -8 + -27 - -22
4
Evaluate -1 + 0 + (2 - 11) + 8.
-2
What is the value of 8 + 1 + (-50 - -25)?
-16
61 + -13 + -11 - 19
18
What is the value of -37 + (-3 - -41) - 13?
-12
Calculate 0 - -8 - (-11 - -24 - 7 - 2).
4
Calculate (14 - 10 - 9) + 6 + -2.
-1
Evaluate (-15 - -19 - (2 - 1)) + -5 + 5.
3
Calculate 27 + (-3 - 1) + -4.
19
What is 29 + 27 + -26 + -27?
3
Calculate 0 - 13 - 2 - (-6 + 2).
-11
What is -18 + 39 + -5 + -16?
0
What is the value of -16 - (-3 + 2 - -3 - 27)?
9
Calculate (2 - (-1 + 15) - (-112 + 105)) + 20.
15
4 + 0 - (27 + -10) - -2
-11
Evaluate (7 - 3) + (372 - 350).
26
Calculate -4 + (-9 - (-10 + 18 + (-9 - -2))).
-14
Calculate -21 - ((11 - 2) + -8 - -13).
-35
What is -7 - -25 - (0 - (-1 + -3))?
14
42 - 5 - (131 - 120)
26
5 + (-10 - (-6 - -12)) - (-43 + 45)
-13
Evaluate -8 - (2 + (7 - (3 - -7))).
-7
Evaluate -9 - ((3 - 3) + -19) - 42.
-32
What is the value of 2 - (16 - (5 + (10 - 8)))?
-7
What is 5 - (2 + 0 + 2) - (12 - 4)?
-7
What is (-34 - 18 - -17) + 43?
8
Calculate (8 - 10) + -19 + 7.
-14
Evaluate 11 + (-3 - -7) - 9.
6
What is the value of -19 + 37 + -20 + 9?
7
Calculate (-5 - (15 + -8)) + (0 - 2).
-14
Calculate 31 + -39 - (-11 + -1 + 2).
2
What is 0 + 6 + (17 - 8 - 17)?
-2
Calculate -2 - -20 - (41 - 32).
9
What is the value of (-4 - -5) + (-6 - (5 - 17)) - -1?
8
Evaluate (3 - 10 - -12) + (4 - 5) + -6.
-2
29 + -72 + (31 - 21)
-33
What is the value of -4 + (6 - ((5 - 3) + 6)) - -4?
-2
33 + (-19 - (26 - 34))
22
Evaluate 16 + -10 + (7 + -16 - 0).
-3
What is the value of -19 + (-15 - -18) + 12?
-4
(-2 + 1 - -6 - (-300 + 299)) + 6
12
What is (0 - -11) + -39 + (26 - 28) + -3?
-33
What is the value of -14 + (8 - -15 - 16)?
-7
Calculate 1 + (-3 - (-3 - (-2 + 3 + 6))).
8
3 + (0 - -2 - (-7 + 7 + 3))
2
What is (22 - (20 - -4)) + 1 + 27?
26
-43 + (-13 - (-18 + -35))
-3
Calculate -23 + 0 - (-53 + 39).
-9
What is the value of (-7 - 3) + (-14 - (-2 - (-6 + 13)))?
-15
What is -3 + -14 + 25 - (0 - -13)?
-5
Calculate (-6 - (-13 + 7)) + 8 - 18.
-10
(33 - 41 - 32) + 16
-24
Calculate -16 + (15 - (45 + -24)).
-22
Evaluate 10 + (2 + -3 - 3) + (-604 - -611).
13
What is -7 - (-11 + 0 - -11 - -11)?
-18
What is the value of 878 + -870 - (30 - (0 - (0 - 2)))?
-20
Evaluate 194 - 203 - (-1 + -5).
-3
(-3 - 16) + 26 - (9 - 1)
-1
What is the value of -3 - -13 - (11 - 15)?
14
What is (2 - -31 - 27) + 1?
7
6 + 2 + (7 - 21 - -3) + 4
1
Calculate 204 + -183 + (-19 - -1).
3
Calculate -2 - (-1 - (-4 + 4) - 9).
8
What is the value of -6 + (-2 - -3) + -6 + (3 - 7)?
-15
Calculate -18 - -9 - -15 - 11.
-5
What is the value of (-10 - ((6 - -3) + -21)) + 1?
3
Calculate 7 - ((-6 - 17) + (16 - 4)).
18
Evaluate 15 - (21 + 13 + (15 - 39)).
5
Calculate (1 - (-1 + -2)) + (-36 - -41) - 2.
7
What is -1 + -6 - (-6 + 7 - (12 - 18))?
-14
What is the value of (9 - -2) + (-10 + -12 - -8) + 0?
-3
Calculate 1 + 2 + (0 - 4) - 4.
-5
(-46 - (3 + -46)) + -2 + (7 - 2)
0
Calculate 3 - (12 + (1 + 1 - 7)).
-4
Calculate -5 + -14 + 9 + -1.
-11
Evaluate (2 - 2) + 1 + 11 - (-293 + 299).
6
Evaluate 19 + 0 + (-621 - -621).
19
Calculate -21 - (-4 + 22 - 22).
-17
What is the value of 1 + (16 - ((-2 - 14) + 12))?
21
Calculate (3 - -1) + -4 + -7 + 7 + -2.
-2
Evaluate -1 + (3 + -1 - (5 - (-3 - 3))).
-10
Evaluate 0 + -5 - ((-5 + 6 - 1) + -4).
-1
Calculate -26 - (16 + (-15 - -3)) - -17.
-13
What is (-4 - 0) + -27 + 35 + 9?
13
0 - 2 - (-8 - ((0 - -1) + 3))
10
-44 + (50 - (20 - -6))
-20
Calculate 1 + 25 + 171 + -211.
-14
Evaluate -7 + (4 - (18 - 33)).
12
(-4 - -41) + (-119 - -101)
19
Calculate 7 + (-12 - (0 + -8)).
3
(6 - 0) + (15 - -24) + -50
-5
What is the value of 21 - (42 + (-38 - -40))?
-23
Evaluate 17 - (3 - (12 - 15)).
11
Evaluate 18 + 0 + (-15 - ((-1 - 4) + -3)).
11
What is -13 + -3 + 2 + 92 + -96?
-18
Evaluate (-6 - 3 - -8) + 2 + 1.
2
Calculate 0 + 33 - (260 + -232).
5
Evaluate 10 + (10 - (19 - 4)).
5
(-11 - (-4 + -3)) + 11 + 3 + -2
8
Evaluate -12 - -1 - ((-19 + -1 - -19) + -3).
-7
Evaluate -2 + 10 + -3 + (-12 + 1 - -5).
-1
Calculate -13 - -17 - (0 + (14 - (-4 - -1))).
-13
(-3 + 4 - -2 - (-5 - -12)) + 5
1
What is 0 + -2 - (-541 + 548)?
-9
Evaluate 160 + -154 + (0 - (-4 + 2)) + -2.
6
(53 - 64) + 0 + 8 - (-1 - -20)
-22
What is 2 - (2 + -4 + 5) - (22 - 6)?
-17
Evaluate 1 - (23 - (-18 - -24)).
-16
What is -1 + -8 + 15 + -27 + 12?
-9
What is the value of -3 + (-3 - -5) + -2 - (-2 + -1)?
0
What is 0 + (1 - -5) + -12 - -12?
6
Evaluate -55 + -6 + 28 - -10.
-23
Evaluate -35 + 29 + 12 - -2.
8
What is -22 - (13 - -9 - 41)?
-3
Calculate 40 - 12 - 20 - (-13 - -3).
18
What is the value of 33 + (-23 + 49 - 39 - (-6 + -1))?
27
Calculate (0 - 20 - (-56 - -46)) + -2.
-12
Calculate (6 - 19) + (-27 - -43).
3
What is the value of 0 + -21 + (-14 - -19) - -17?
1
What is the value of -16 + 20 + -3 + 6 + (5 - 2)?
10
Calculate 32 + -9 + (-4 - 23).
-4
Calculate (16 - 0 - 11) + -3 - (2 + -1).
1
What is -1 + 8 + 145 + -159 + (1 - -9)?
3
What is (6 + -3 - 9 - 2) + 4?
-4
What is the value of (-1 - 2) + (-13 - 6) + 24 - -4?
6
23 + -3 + (7 + -17 - -20)
30
Evaluate 8 + -22 - (0 + -8).
-6
What is -10 + -1 - (-43 - -51) - -6?
-13
Evaluate 1 + 1 + (-12 - -13) - (26 - 19).
-4
-4 + (-15 + 31 - 3) + -18
-9
What is (-3 - 1) + 23 + (-31 - -5)?
-7
Calculate 11 - ((-20 - -11) + 13).
7
Evaluate -12 + 11 + 3 - (-8 - -2).
8
What is 7 + -4 - (16 - (-6 + 8))?
-11
Evaluate (23 - 11) + -11 - 26.
-25
(-24 - -25) + (8 + -3 - 1)
5
Evaluate 4347 + -4370 - (-9 + 0 + -1 + 1).
-14
Calculate 22 + -14 + -8 - 2.
-2
What is the value of -13 + (14 - (-2 + -6))?
9
What is the value of (11 - -1) + -224 + 222?
10
What is -22 + ((7 - 8) + -10 - (-14 + -5))?
-14
What is the value of (7 + -39 - (-22 + 12)) + (-1 - -9)?
-14
What is the value of (-8 - (10 + -7)) + 19?
8
Calculate -2 + 10 + -20 + -3.
-15
9 + 1 + -15 + 25 + 6 + -10
16
What is the value of 9 + (-9 - -16 - 1)?
15
Calculate -1 - -1 - ((-29 - -15) + (21 - 3)).
-4
3 + 2 + -11 + 13 + (-6 - -10)
11
Evaluate -1 - (4 + (1 - (-2 + -7))) - -6.
-9
Calculate 503 - 485 - (24 + -1).
-5
What is (1 + 13 - 27) + 1?
-12
(95 - 79) + -1 + -13
2
Calculate -33 + 43 - (1 - 3).
12
What is -252 + 240 - (-8 + 1)?
-5
What is the value of 21 + -13 + (-26 - -4) + -1?
-15
What is 10 + 2 + (7 - 4 - 9) - 12?
-6
Evaluate 6 + 2 + -2 - (-1225 - -1199).
32
Calculate 8 + -7 + 65 + -76.
-10
What is the value of 7 + 2 + -7 - (8 - 8)?
2
What is the value of (6 - (1 - 0)) + (14 - -15) + -24?
10
What is (-33 - -69) + -16 - (1 + 43)?
-24
(-1 - (7 + 0)) + (-79 - (32 + -133))
14
Calculate -10 - (-39 + (9 - ((18 - 9) + -9))).
20
Evaluate 474 - 477 - (1 - 0 - -10).
-14
(144 - 148) + (0 - -12)
8
Evaluate (4 - 0) + 9 + (-19 - -18) - 0.
12
Evaluate (0 - (6 + -2 - -12)) + -3.
-19
What is the value of (3 - -1) + 3 + (10 + -16 - -1)?
2
What is (-1 - 7) + 71 + -57 - (-1 - -3)?
4
4 + 1 + 5 + 4 + -5 + -4
5
What is 0 + (-7 - (-19 + (14 - 3))) + 4?
5
Evaluate -260 - -239 - (-2 - 16).
-3
What is 10 + -10 + 1 + (-5 - -7)?
3
Evaluate 9 + 7 + -15 + (0 - -5).
6
Calculate -1 + -3 + 6 - (-9 - -2) - 2.
7
What is the value of -13 + 36 + 1 + -22?
2
-5 + -5 + (11 - 8) + -14
-21
(-37 - 3) + (4 - (7 - -6)) + 19
-30
Evaluate -1 - -3 - (44 - 39) - 9.
-12
Evaluate 19 + (-1 - 2) + (25 - (-23 + 43)).
21
What is the value of (-10 - 1) + (-6 + (-6 - 2) - -6)?
-19
What is the value of 2 + 29 + -21 - 9?
1
17 + 1 - (102 + -93 - (0 - -15))
24
What is 15 - ((-325 - -346) + -3 + -1)?
-2
Evaluate 7 + 2 + (-9 - (-3 + (-18 - -31))).
-10
-9 - 0 - (97 - 89)
-17
What is the value of 0 + (6 + -8 - (-1 + -1))?
0
Calculate -1 - (-3 - ((-8 - -4) + 8)).
6
Calculate (-4 - (11 + -7 - 10)) + -15.
-13
What is the value of -10 + 3 + 13 + -9?
-3
Evaluate -15 - (13 + (4 - 27)).
-5
What is the value of (-19 - -26) + (-5 - 18) + 0 + 9?
-7
Calculate (-10 - (4 + -3)) + 7 + 17 + 5.
18
Calculate -5 - (7 + -5 + (-3 - -2) - -8).
-14
12 - (31 + ((4 - 7) + -8 - -20))
-28
0 + (1 - -10) + -28 + (-21 - -22)
-16
4 + (10 - 5 - (2 + -5))
12
What is (1 - 13 - (-4 - -33)) + 8?
-33
What is the value of -13 - (-13 + (15 - (24 + -10)))?
-1
What is the value of 7 - 3 - (16 + (-